{"id":3,"date":"2025-04-24T12:50:21","date_gmt":"2025-04-24T10:50:21","guid":{"rendered":"https:\/\/tomoseateliers.fr\/?page_id=3"},"modified":"2025-11-12T11:33:49","modified_gmt":"2025-11-12T10:33:49","slug":"politique-de-confidentialite","status":"publish","type":"page","link":"https:\/\/tomoseateliers.fr\/?page_id=3","title":{"rendered":"Politique de confidentialit\u00e9"},"content":{"rendered":"\t\t<div data-elementor-type=\"wp-page\" data-elementor-id=\"3\" class=\"elementor elementor-3\">\n\t\t\t\t<div class=\"elementor-element elementor-element-a82fea1 e-con-full elementor-hidden-desktop elementor-hidden-laptop elementor-hidden-tablet elementor-hidden-mobile e-flex wpr-particle-no wpr-jarallax-no wpr-parallax-no wpr-sticky-section-no wpr-column-slider-no wpr-equal-height-no e-con e-parent\" data-id=\"a82fea1\" data-element_type=\"container\" data-e-type=\"container\" data-settings=\"{&quot;background_background&quot;:&quot;classic&quot;}\">\n\t\t<div class=\"elementor-element elementor-element-e9a7d91 e-flex e-con-boxed wpr-particle-no wpr-jarallax-no wpr-parallax-no wpr-sticky-section-no wpr-column-slider-no wpr-equal-height-no e-con e-child\" data-id=\"e9a7d91\" data-element_type=\"container\" data-e-type=\"container\">\n\t\t\t\t\t<div class=\"e-con-inner\">\n\t\t\t\t<div class=\"elementor-element elementor-element-8478b58 elementor-widget elementor-widget-heading\" data-id=\"8478b58\" data-element_type=\"widget\" data-e-type=\"widget\" data-widget_type=\"heading.default\">\n\t\t\t\t<div class=\"elementor-widget-container\">\n\t\t\t\t\t<h1 class=\"elementor-heading-title elementor-size-default\">\u2022 Politique de confidentialit\u00e9 \u2022<\/h1>\t\t\t\t<\/div>\n\t\t\t\t<\/div>\n\t\t\t\t\t<\/div>\n\t\t\t\t<\/div>\n\t\t\t\t<\/div>\n\t\t<div class=\"elementor-element elementor-element-3336fdde e-flex e-con-boxed wpr-particle-no wpr-jarallax-no wpr-parallax-no wpr-sticky-section-no wpr-column-slider-no wpr-equal-height-no e-con e-parent\" data-id=\"3336fdde\" data-element_type=\"container\" data-e-type=\"container\">\n\t\t\t\t\t<div class=\"e-con-inner\">\n\t\t\t\t<div class=\"elementor-element elementor-element-3eb13a5e elementor-widget elementor-widget-text-editor\" data-id=\"3eb13a5e\" data-element_type=\"widget\" data-e-type=\"widget\" data-widget_type=\"text-editor.default\">\n\t\t\t\t<div class=\"elementor-widget-container\">\n\t\t\t\t\t\t\t\t\t<h2>Politique de confidentialit\u00e9<\/h2><p><strong>Derni\u00e8re mise \u00e0 jour :<\/strong> 12 novembre 2025<br \/><strong>Date d\u2019entr\u00e9e en vigueur :<\/strong> 5 mai 2025<\/p><p>Cette politique de confidentialit\u00e9 d\u00e9crit les politiques de :<\/p><ul><li><strong>Entreprise : <\/strong>Tomose Ateliers<\/li><li><strong>Adresse : <\/strong>63 rue du drac, Grenoble 38000, France,<\/li><li><strong>email :<\/strong> tomoseateliers@gmail.com,<\/li><li><strong>SIRET :<\/strong> 822 969 010<\/li><\/ul><p>concernant la collecte, l\u2019utilisation et la divulgation de vos informations lorsque vous utilisez du site web (<a href=\"https:\/\/tomoseateliers.fr\/\">https:\/\/tomoseateliers.fr\/<\/a>) (le \u00ab Service \u00bb).<\/p><p>En acc\u00e9dant au Service ou en l\u2019utilisant, vous consentez \u00e0 la collecte, \u00e0 l\u2019utilisation et \u00e0 la divulgation de vos informations conform\u00e9ment \u00e0 cette politique de confidentialit\u00e9. Si vous n\u2019y consentez pas, veuillez ne pas acc\u00e9der ni utiliser le Service.<\/p><p>Nous pouvons modifier cette politique de confidentialit\u00e9 \u00e0 tout moment, sans pr\u00e9avis, et publierons la version r\u00e9vis\u00e9e sur le Service. La nouvelle politique entrera en vigueur 180 jours apr\u00e8s sa publication, et le fait de continuer \u00e0 acc\u00e9der ou utiliser le Service apr\u00e8s ce d\u00e9lai vaudra acceptation des modifications. Nous vous recommandons donc de consulter cette page r\u00e9guli\u00e8rement.<\/p><hr \/><h3>Informations que nous collectons :<\/h3><p>Nous collectons et traitons les informations personnelles suivantes vous concernant via le formulaire de contact (<a href=\"https:\/\/tomoseateliers.fr\/contact\">https:\/\/tomoseateliers.fr\/contact<\/a>) et la prise de rendez-vous pour une demande de devis :<\/p><ul><li>Nom \/ Pr\u00e9nom<\/li><li>Adresse e-mail<\/li><li>Num\u00e9ro de t\u00e9l\u00e9phone portable<\/li><\/ul><p>\u00a0<\/p><p>Nous collectons et traitons les informations personnelles suivantes vous concernant lors d&rsquo;une commande en ligne sur la boutique\u00a0:<\/p><ul><li>Nom \/ Pr\u00e9nom<\/li><li>Adresse postale<\/li><li>Adresse de facturation<\/li><li>Adresse e-mail<\/li><li>Num\u00e9ro de t\u00e9l\u00e9phone portable<\/li><\/ul><hr \/><h3>Utilisation de vos informations :<\/h3><p>Nous utilisons les informations collect\u00e9es vous concernant pour les finalit\u00e9s suivantes :<\/p><ul><li>Informations administratives : nous utilisons vos donn\u00e9es seulement pour vous recontactez suite \u00e0 votre demande via le formulaire ou pour la demande de devis.<\/li><\/ul><p>Si nous souhaitons utiliser vos informations \u00e0 d\u2019autres fins, nous vous demanderons d\u2019abord votre consentement et ne les utiliserons qu\u2019apr\u00e8s obtention de celui-ci, uniquement pour les finalit\u00e9s pour lesquelles vous avez consenti, sauf si la loi nous impose de faire autrement.<\/p><hr \/><h3>Partage de vos informations :<\/h3><p>Nous ne transmettrons pas vos donn\u00e9es personnelles \u00e0 des tiers sans votre consentement, sauf dans les cas limit\u00e9s suivants :<\/p><ul><li><p>Google Analytics<\/p><\/li><\/ul><p>Nous demandons \u00e0 ces tiers d\u2019utiliser les donn\u00e9es uniquement dans le cadre de la finalit\u00e9 d\u00e9finie et de ne pas les conserver plus longtemps que n\u00e9cessaire.<\/p><p>Nous pourrions \u00e9galement divulguer vos donn\u00e9es personnelles dans les cas suivants :<\/p><ol><li><p>Pour respecter une obligation l\u00e9gale ou r\u00e9glementaire, une d\u00e9cision de justice ou toute autre proc\u00e9dure juridique ;<\/p><\/li><li><p>Pour faire appliquer nos accords avec vous, y compris cette politique de confidentialit\u00e9 ;<\/p><\/li><li><p>Pour r\u00e9pondre \u00e0 toute r\u00e9clamation selon laquelle votre utilisation du Service enfreint les droits d\u2019un tiers.<\/p><\/li><\/ol><p>Si le Service ou l\u2019entreprise est fusionn\u00e9 ou rachet\u00e9, vos informations feront partie des actifs transf\u00e9r\u00e9s au nouveau propri\u00e9taire.<\/p><hr \/><h3>Conservation de vos donn\u00e9es :<\/h3><p>Nous conserverons vos donn\u00e9es personnelles pendant une dur\u00e9e de <strong>90 jours \u00e0 2 ans<\/strong> apr\u00e8s la fermeture de votre compte, ou aussi longtemps que n\u00e9cessaire pour les finalit\u00e9s pr\u00e9vues dans cette politique.<br \/>Certaines donn\u00e9es peuvent \u00eatre conserv\u00e9es plus longtemps pour des obligations l\u00e9gales, comptables ou de pr\u00e9vention des fraudes.<br \/>Les donn\u00e9es anonymes ou agr\u00e9g\u00e9es, qui ne permettent pas de vous identifier, peuvent \u00eatre conserv\u00e9es ind\u00e9finiment.<\/p><hr \/><h3>Vos droits :<\/h3><p>Selon la l\u00e9gislation applicable, vous pouvez disposer des droits suivants :<\/p><ul><li><p>Acc\u00e9der \u00e0 vos donn\u00e9es personnelles<\/p><\/li><li><p>Les rectifier ou les effacer<\/p><\/li><li><p>En recevoir une copie (portabilit\u00e9)<\/p><\/li><li><p>Limiter ou vous opposer \u00e0 leur traitement<\/p><\/li><li><p>Retirer votre consentement \u00e0 tout moment<\/p><\/li><li><p>D\u00e9poser une r\u00e9clamation aupr\u00e8s d\u2019une autorit\u00e9 de contr\u00f4le<\/p><\/li><\/ul><p>Pour exercer ces droits, vous pouvez nous \u00e9crire \u00e0 tomoseateliers@gmail.com. Nous r\u00e9pondrons conform\u00e9ment \u00e0 la loi en vigueur.<\/p><p>Notez que si vous refusez de nous fournir certaines donn\u00e9es ou retirez votre consentement, il se peut que vous ne puissiez plus acc\u00e9der \u00e0 certains services.<\/p><hr \/><h3>Cookies et autres technologies :<\/h3><p>Pour en savoir plus sur notre utilisation des cookies et vos choix \u00e0 ce sujet, veuillez consulter notre <strong>Politique de cookies<\/strong>.<\/p><hr \/><h3>S\u00e9curit\u00e9 :<\/h3><p>La s\u00e9curit\u00e9 de vos informations nous tient \u00e0 c\u0153ur. Nous mettons en place des mesures raisonnables pour pr\u00e9venir la perte, l\u2019utilisation abusive ou la modification non autoris\u00e9e de vos donn\u00e9es.<br \/>Cependant, aucun syst\u00e8me n\u2019\u00e9tant totalement s\u00e9curis\u00e9, nous ne pouvons garantir une s\u00e9curit\u00e9 absolue. Toute transmission de donn\u00e9es se fait donc \u00e0 vos propres risques.<\/p><hr \/><h3>Responsable des donn\u00e9es personnelles \/ R\u00e9clamations :<\/h3><p>Pour toute question ou pr\u00e9occupation concernant le traitement de vos donn\u00e9es personnelles, vous pouvez contacter notre d\u00e9l\u00e9gu\u00e9 \u00e0 la protection des donn\u00e9es \u00e0 l\u2019adresse suivante :<br \/><strong>Tomose Ateliers, 63 rue du drac, 38000 Grenoble<\/strong><br \/><strong>Email : <\/strong>tomoseateliers@gmail.com<\/p><div><div>\u00a0<\/div><\/div><p>Nous traiterons votre demande conform\u00e9ment \u00e0 la l\u00e9gislation applicable.<\/p>\t\t\t\t\t\t\t\t<\/div>\n\t\t\t\t<\/div>\n\t\t\t\t\t<\/div>\n\t\t\t\t<\/div>\n\t\t\t\t<\/div>\n\t\t","protected":false},"excerpt":{"rendered":"<p>\u2022 Politique de confidentialit\u00e9 \u2022 Politique de confidentialit\u00e9 Derni\u00e8re mise \u00e0 jour : 12 novembre 2025Date d\u2019entr\u00e9e en vigueur :&#8230;<\/p>\n","protected":false},"author":1,"featured_media":0,"parent":0,"menu_order":0,"comment_status":"closed","ping_status":"closed","template":"","meta":{"footnotes":""},"class_list":["post-3","page","type-page","status-publish","hentry"],"jetpack_sharing_enabled":true,"_links":{"self":[{"href":"https:\/\/tomoseateliers.fr\/index.php?rest_route=\/wp\/v2\/pages\/3","targetHints":{"allow":["GET"]}}],"collection":[{"href":"https:\/\/tomoseateliers.fr\/index.php?rest_route=\/wp\/v2\/pages"}],"about":[{"href":"https:\/\/tomoseateliers.fr\/index.php?rest_route=\/wp\/v2\/types\/page"}],"author":[{"embeddable":true,"href":"https:\/\/tomoseateliers.fr\/index.php?rest_route=\/wp\/v2\/users\/1"}],"replies":[{"embeddable":true,"href":"https:\/\/tomoseateliers.fr\/index.php?rest_route=%2Fwp%2Fv2%2Fcomments&post=3"}],"version-history":[{"count":31,"href":"https:\/\/tomoseateliers.fr\/index.php?rest_route=\/wp\/v2\/pages\/3\/revisions"}],"predecessor-version":[{"id":6438,"href":"https:\/\/tomoseateliers.fr\/index.php?rest_route=\/wp\/v2\/pages\/3\/revisions\/6438"}],"wp:attachment":[{"href":"https:\/\/tomoseateliers.fr\/index.php?rest_route=%2Fwp%2Fv2%2Fmedia&parent=3"}],"curies":[{"name":"wp","href":"https:\/\/api.w.org\/{rel}","templated":true}]}}